{"id":19,"date":"2011-03-19T21:41:20","date_gmt":"2011-03-19T21:41:20","guid":{"rendered":"http:\/\/k-t-m.ch\/MX\/wordpress\/?page_id=19"},"modified":"2019-12-22T15:30:19","modified_gmt":"2019-12-22T15:30:19","slug":"100er-club","status":"publish","type":"page","link":"http:\/\/k-t-m.ch\/MX\/wordpress\/100er-club\/","title":{"rendered":"G\u00f6nner Club"},"content":{"rendered":"<p>Unser Sport ist mit sehr <span style=\"color: #ff99cc;\"><strong>grossen Kosten<\/strong> <\/span>verbunden und wir sind froh um <span style=\"color: #ff99cc;\"><strong>jede Unterst\u00fctzung<\/strong><\/span>. Als Mitglied im G\u00f6nner Club erf\u00e4hrst du immer alles aus erster Hand auf Wunsch bequem als Newsletter oder hier auf der Homepage. Alle Clubmitglieder werden an ein Rennen in der N\u00e4he eingeladen, um selber mal <strong><span style=\"color: #ff99cc;\">live dabei<\/span> sein<\/strong> zu k\u00f6nnen und das geschehen aus n\u00e4chster N\u00e4he zu betrachten. Nat\u00fcrlich gibt es dann auch <span style=\"color: #ff99cc;\"><strong>Kaffee und Kuchen<\/strong><\/span>! Oder hast du gar Lust, <span style=\"color: #ff99cc;\"><strong>Motocross mal selber auszuprobieren<\/strong><\/span>. Gerne organisieren wir f\u00fcr Clubmitglieder ein Schnuppertag. Egal ob gross oder klein, am besten zusammen!!!<\/p>\n<p><a href=\"http:\/\/k-t-m.ch\/MX\/wordpress\/wp-content\/uploads\/2011\/03\/G\u00f6nner-2014.pdf\">G\u00f6nner\u00a0Club<\/a>\u00a0\u00a0\u00a0\u00a0\u00a0\u00a0\u00a0\u00a0\u00a0\u00a0\u00a0\u00a0\u00a0\u00a0\u00a0\u00a0\u00a0<a href=\"http:\/\/k-t-m.ch\/MX\/wordpress\/wp-content\/uploads\/2012\/09\/Teamvorstellung-2014.pdf\" target=\"_blank\" rel=\"noopener noreferrer\"> Teamvorstellung<\/a>\u00a0\u00a0\u00a0\u00a0\u00a0\u00a0\u00a0\u00a0\u00a0\u00a0\u00a0\u00a0\u00a0 <a href=\"http:\/\/k-t-m.ch\/MX\/wordpress\/wp-content\/uploads\/2011\/03\/Start-G\u00f6nnerseite-Homepage.jpg\" target=\"_blank\" rel=\"noopener noreferrer\">One Family, one Team<\/a><\/p>\n<p><strong>Herzlichen Dank f\u00fcr Eure Unterst\u00fctzung im 2019:<\/strong><\/p>\n<p>-der kompletten Verwandtschaft die immer ein offenes Ohr haben f\u00fcr unsere Kids &#8211; M\u00fcller Bruno und Irmgard, Oberb\u00fcren &#8211; Urgrossmami Paula- Isler Maja, Zuzwil &#8211; <strong>Buser Hildegard, Therwil<\/strong> &#8211; <a href=\"http:\/\/k-t-m.ch\/MX\/wordpress\/vielen-dank-levo-batterien\/\" target=\"_blank\" rel=\"noopener noreferrer\">LEVO Batterien Weinfelden<\/a>, Roman Weber &#8211;\u00a0 <a href=\"https:\/\/www.elektro-jung.ch\/\">Elektro Jung AG<\/a>, Oberb\u00fcren &#8211;\u00a0 Piet Netten, Sliedrecht NL &#8211; Isler Hansruedi, Zuckenriet &#8211; Jaus Boris und Fam., Matzendorf &#8211;\u00a0 Agrola St. Gallen &#8211; Eberle Janine und Reto, Sonnental &#8211; <a href=\"https:\/\/www.praxis-wohlwollen.ch\" target=\"_blank\" rel=\"noopener noreferrer\">wohlwollen.ch<\/a>, Oberuzwil &#8211; Irma und Bruno Hutter, Gams &#8211;<\/p>\n<hr \/>\n<p>Mitglied werden ist ganz einfach. F\u00fclle den Einzahlungsschein aus und \u00fcberweise xx Franken und schon bist du dabei. (Vermerk: G\u00f6nner Club)<\/p>\n<p><a href=\"http:\/\/k-t-m.ch\/MX\/wordpress\/wp-content\/uploads\/2011\/03\/ezs-3.jpg\"><img loading=\"lazy\" class=\"aligncenter size-large wp-image-536\" title=\"ezs (3)\" src=\"http:\/\/k-t-m.ch\/MX\/wordpress\/wp-content\/uploads\/2011\/03\/ezs-3-1024x535.jpg\" alt=\"\" width=\"620\" height=\"323\" srcset=\"http:\/\/k-t-m.ch\/MX\/wordpress\/wp-content\/uploads\/2011\/03\/ezs-3-1024x535.jpg 1024w, http:\/\/k-t-m.ch\/MX\/wordpress\/wp-content\/uploads\/2011\/03\/ezs-3-300x156.jpg 300w\" sizes=\"(max-width: 620px) 100vw, 620px\" \/><\/a><\/p>\n<p><strong>Herzlichen Dank f\u00fcr Eure Unterst\u00fctzung im 2018:<\/strong><\/p>\n<p>-der kompletten Verwandtschaft die immer ein offenes Ohr haben f\u00fcr unsere Kids &#8211; M\u00fcller Bruno und Irmgard, Oberb\u00fcren &#8211; Isler Maja, Zuzwil &#8211; <strong>Buser Hildegard, Therwil<\/strong> &#8211; <a href=\"http:\/\/k-t-m.ch\/MX\/wordpress\/vielen-dank-levo-batterien\/\" target=\"_blank\" rel=\"noopener noreferrer\">LEVO Batterien Weinfelden<\/a>, Roman Weber &#8211;\u00a0 Elektro Jung AG, Oberb\u00fcren &#8211;\u00a0 Moser Roman (G\u00f6tti) und Karin, Schwarzenbach &#8211;\u00a0 Fleischlin Pius, Dietenwil &#8211; MX-Print 24.de, Dekordesigner &#8211; Piet Netten, Sliedrecht NL &#8211; Isler Hansruedi, Zuckenriet &#8211; Eberle Janine und Reto, Sonnental &#8211; Jaus Boris und Fam., Matzendorf &#8211; Steiner Marion und Thorsten, Oberb\u00fcren<\/p>\n<p><strong>Herzlichen Dank f\u00fcr Eure Unterst\u00fctzung im 2017:<\/strong><\/p>\n<p>-der kompletten Verwandtschaft die immer ein offenes Ohr haben f\u00fcr unsere Kids &#8211; M\u00fcller Bruno und Irmgard, Oberb\u00fcren &#8211; Isler Maja, Zuzwil &#8211; <strong>Buser Hildegard, Therwil<\/strong> &#8211; Steiner Marion und Thorsten, Oberb\u00fcren &#8211;\u00a0<a href=\"http:\/\/k-t-m.ch\/MX\/wordpress\/vielen-dank-levo-batterien\/\" target=\"_blank\" rel=\"noopener noreferrer\">LEVO Batterien Weinfelden<\/a>, Roman Weber &#8211;\u00a0 Elektro Jung AG, Oberb\u00fcren &#8211;\u00a0 Moser Roman (G\u00f6tti)\u00a0und Karin, Schwarzenbach &#8211;\u00a0 Jaus Boris, Matzendorf\u00a0&#8211; Netten Pit, Sliedrecht NL &#8211; Eberli Reto und Janine, Sonnental &#8211; Fleischlin Pius &#8211; Dietenwil &#8211;<\/p>\n<p><strong>Herzlichen Dank f\u00fcr Eure Unterst\u00fctzung im 2016:<\/strong><\/p>\n<p>-der kompletten Verwandtschaft die immer ein offenes Ohr haben f\u00fcr unsere Kids &#8211; M\u00fcller Bruno und Irmgard, Oberb\u00fcren &#8211; Isler Maja, Zuzwil &#8211; <strong>Buser Hildegard, Therwil<\/strong> &#8211; H\u00f6rler Herrmann,\u00a0Frasnacht\u00a0&#8211; Jaus Boris und Nicole,\u00a0Matzendorf &#8211; Netten Piet und Anneke, Sliedrecht NL &#8211; Hutter Bruno und Irma, Gams\u00a0&#8211; Elektro Jung AG, Oberb\u00fcren &#8211;\u00a0St\u00e4heli Kurt, Weinfelden &#8211; Steiner Marion und Thorsten, Oberb\u00fcren &#8211; Benz AG, Oberb\u00fcren &#8211; Fleischlin Pius, Dietenwil &#8211; Eberli Reto und Janine, Sonnental\u00a0&#8211; <a href=\"http:\/\/k-t-m.ch\/MX\/wordpress\/vielen-dank-levo-batterien\/\" target=\"_blank\" rel=\"noopener noreferrer\"><u><span style=\"color: #0066cc;\">LEVO Batterien Weinfelden<\/span><\/u><\/a>, Roman Weber &#8211;<\/p>\n<p><strong>Herzlichen Dank f\u00fcr Eure Unterst\u00fctzung im 2015:<\/strong><\/p>\n<p>-der kompletten Verwandschaft die immer ein offenes Ohr haben f\u00fcr unsere Kids &#8211; M\u00fcller Bruno und Irmgard, Oberb\u00fcren &#8211; Isler Maja, Zuzwil &#8211; <strong>Buser Hildegard, Therwil<\/strong> &#8211; Steiner Marion und Thorsten, Oberb\u00fcren &#8211; Jaus Boris und Nicole,\u00a0Laupersdorf &#8211; Benz AG, Oberb\u00fcren &#8211; Hutter Bruno und Irma, Gams\u00a0&#8211; Elektro Jung AG, Oberb\u00fcren &#8211; St\u00e4heli Kurt, Weinfelden &#8211;\u00a0Netten Piet und Anneke, Sliedrecht NL &#8211; Eberli Reto und Janine, Sonnental &#8211; MC-Kemmental,\u00a0<a title=\"Homepage\" href=\"http:\/\/www.mc-kemmental.ch\" target=\"_blank\" rel=\"noopener noreferrer\"><u><span style=\"color: #0066cc;\">Homepage<\/span><\/u><\/a>\u00a0&#8211; Eicher &#8222;Motorsport&#8220;\u00a0Sigi und Michi, <a href=\"http:\/\/www.sigieicher.ch\"><u><span style=\"color: #0066cc;\">www.sigieicher.ch<\/span><\/u><\/a>, Niederwil &#8211; Isler Roman und Karin, Wil &#8211; <a href=\"http:\/\/www.mxrs.ch\" target=\"_blank\" rel=\"noopener noreferrer\"><u><span style=\"color: #0066cc;\">MXRS.CH<\/span><\/u><\/a>, Race-Serie by C. Chanton &#8211; Isler Hansruedi, Zuckenriet &#8211; D\u00f6rig AG, Oberegg &#8211; H\u00f6rler Herrmann &#8211;<\/p>\n<p><strong>Herzlichen Dank f\u00fcr Eure Unterst\u00fctzung im 2014:<\/strong><\/p>\n<p>-der kompletten Verwandschaft die immer ein offenes Ohr haben f\u00fcr unsere Kids &#8211; M\u00fcller Bruno und Irmgard, Oberb\u00fcren &#8211; Isler Maja, Zuzwil &#8211; Hutter Bruno und Irma, Gams &#8211; <strong>Buser Hildegard, Therwil<\/strong> &#8211; Steiner Marion und Thorsten, Oberb\u00fcren &#8211; Netten Piet und Anneke, Sliedrecht NL &#8211; Hengartner Bruno &#8211;\u00a0Moser Doris und Ueli, Niederhelfenschwil\u00a0&#8211; Jaus Ester und Matthieu, Therwil &#8211; MXRS.CH &#8211; Fleischlin Pius, Dietenwil &#8211; Jaus Boris und Nicole, Laupersdorf &#8211; <strong><a href=\"http:\/\/www.fehro.ch\/\" target=\"_blank\" rel=\"noopener noreferrer\">Fehro GmbH<\/a>, Mannenbach<\/strong> &#8211; Steger Kurt, Steinach &#8211; Luchsinger Marco, Zuckenriet &#8211; Isler Roman (G\u00f6tti) und Karin, Wil &#8211; Benz AG, Oberb\u00fcren &#8211; <strong>Denise M\u00fcller, Oberb\u00fcren<\/strong> &#8211; Elektro Jung AG, Oberb\u00fcren &#8211; MX W\u00e4ngi &#8211; Isler Hansruedi, Zuckenriet &#8211; Fam. Flammer, Affeltrangen &#8211; St\u00e4heli Kurt, Weinfelden &#8211; Scheiwiller Pius, Niederhelfenschwil &#8211; Eberle Janine und Reto, Sonnental &#8211; Eicher &#8222;Motorsport&#8220;\u00a0Sigi und Michi, <a href=\"http:\/\/www.sigieicher.ch\">www.sigieicher.ch<\/a>, Niederwil\u00a0&#8211; MC-Kemmental,\u00a0<a title=\"Homepage\" href=\"http:\/\/www.mc-kemmental.ch\" target=\"_blank\" rel=\"noopener noreferrer\">Homepage<\/a>\u00a0&#8211;<\/p>\n<p><strong>Herzlichen Dank f\u00fcr Eure Unterst\u00fctzung im 2013:<\/strong><\/p>\n<p>-der kompletten Verwandschaft die immer ein offenes Ohr haben f\u00fcr unsere Kids &#8211; M\u00fcller Bruno und Irmgard, Oberb\u00fcren &#8211; Isler Maja, Zuzwil &#8211; Hutter Bruno und Irma, Gams &#8211; Buser Hildegard, Therwil &#8211; Eicher Heinz, Niederwil &#8211; Eicher &#8222;Motorsport&#8220;\u00a0Sigi und Michi, <a href=\"http:\/\/www.sigieicher.ch\">www.sigieicher.ch<\/a>, Niederwil &#8211; <a href=\"http:\/\/www.motoshop-pfiffner.ch\" target=\"_blank\" rel=\"noopener noreferrer\">Motoshop-Pfiffner\u00a0GmbH<\/a>, Neukirch-Egnach &#8211; Steiner Thorsten und Marion, Oberb\u00fcren &#8211; Jaus Matthieu und Esther, Therwil &#8211; Steger Kurt, Steinach &#8211; Moser Ueli und Doris, Niederhelfenschwil &#8211; Hengartner Bruno, &#8211; Isler Steuerberatung, Affoltern am Albis &#8211; Vix, Lenggenwil &#8211; Eberle Janine und Reto, Oberb\u00fcren &#8211; MC-Kemmental,\u00a0<a title=\"Homepage\" href=\"http:\/\/www.mc-kemmental.ch\" target=\"_blank\" rel=\"noopener noreferrer\">Homepage<\/a> &#8211; Fleischlin Pius, Dietenwil &#8211; Netten Pit und Anneke, Holland &#8211; Isler Hansruedi, Zuckenriet &#8211; Kindhauser Peter, Bissegg &#8211;<\/p>\n<p><strong>G\u00f6nner 2012<\/strong><\/p>\n<p>Restaurant R\u00f6ssli, Hackbere &#8211; Wiederkehr Toni, &#8211; M\u00fcller Bruno und Irmgard, Oberb\u00fcren &#8211; Isler Maja, Zuzwil &#8211; Hutter Bruno und Irma, Gams &#8211; M\u00fcller Denise, Oberb\u00fcren &#8211; Steiner Thorsten und Marion, Oberb\u00fcren &#8211; B\u00fcrge Markus, Dottingen &#8211; Jaus Mathieu und Esther, Therwil &#8211; Eberle Reto und Janine, Oberb\u00fcren &#8211; Fleischlin Pius, Zuzwil &#8211; entex GmbH, Feusisberg &#8211; Netten Anike und Piet, Sliedrecht NL &#8211; Graf Ruedi (Onkel Ruedi), Reinach &#8211; Buser Hildegard, Therwil &#8211;<\/p>\n","protected":false},"excerpt":{"rendered":"<p>Unser Sport ist mit sehr grossen Kosten verbunden und wir sind froh um jede Unterst\u00fctzung. Als Mitglied im G\u00f6nner Club erf\u00e4hrst du immer alles aus erster Hand auf Wunsch bequem als Newsletter oder hier auf der Homepage. Alle Clubmitglieder werden an ein Rennen in der N\u00e4he eingeladen, um selber mal live dabei sein zu k\u00f6nnen &hellip; <a href=\"http:\/\/k-t-m.ch\/MX\/wordpress\/100er-club\/\" class=\"more-link\"><span class=\"screen-reader-text\">G\u00f6nner Club<\/span> weiterlesen <span class=\"meta-nav\">&rarr;<\/span><\/a><\/p>\n","protected":false},"author":1,"featured_media":0,"parent":0,"menu_order":40,"comment_status":"closed","ping_status":"closed","template":"","meta":[],"_links":{"self":[{"href":"http:\/\/k-t-m.ch\/MX\/wordpress\/wp-json\/wp\/v2\/pages\/19"}],"collection":[{"href":"http:\/\/k-t-m.ch\/MX\/wordpress\/wp-json\/wp\/v2\/pages"}],"about":[{"href":"http:\/\/k-t-m.ch\/MX\/wordpress\/wp-json\/wp\/v2\/types\/page"}],"author":[{"embeddable":true,"href":"http:\/\/k-t-m.ch\/MX\/wordpress\/wp-json\/wp\/v2\/users\/1"}],"replies":[{"embeddable":true,"href":"http:\/\/k-t-m.ch\/MX\/wordpress\/wp-json\/wp\/v2\/comments?post=19"}],"version-history":[{"count":106,"href":"http:\/\/k-t-m.ch\/MX\/wordpress\/wp-json\/wp\/v2\/pages\/19\/revisions"}],"predecessor-version":[{"id":2014,"href":"http:\/\/k-t-m.ch\/MX\/wordpress\/wp-json\/wp\/v2\/pages\/19\/revisions\/2014"}],"wp:attachment":[{"href":"http:\/\/k-t-m.ch\/MX\/wordpress\/wp-json\/wp\/v2\/media?parent=19"}],"curies":[{"name":"wp","href":"https:\/\/api.w.org\/{rel}","templated":true}]}}